 2*k + 61 = 0, -2*k + 0*k = -2*v + 34. Let m = v + -11. Suppose -b + 7 = -m. Calculate the highest common divisor of 75 and b.
15
Suppose 7*r - 9*r = 2, 2*x = -4*r + 92. Calculate the highest common divisor of 3 and x.
3
Let q be (74/3)/((-15)/(4455/(-18))). Calculate the highest common factor of 37 and q.
37
Let u(p) = p**2 - 4. Let a be u(4). Let z(i) = 138*i**2 + 1. Let h be z(1). Let v = h - 7. Calculate the greatest common divisor of v and a.
12
Suppose -5*u = -1 + 26. Let i = 23 + u. Calculate the highest common factor of i and 27.
9
Suppose 9*l = -195 + 681. What is the highest common factor of 12 and l?
6
Suppose -2*c - 21 = -3*s + c, -2*s - 14 = 5*c. Suppose 1 = w - 4. Suppose s*h = w*h - 52. Calculate the greatest common divisor of h and 13.
13
Suppose 2*o + 4*d = 232, 4*d = -o - d + 119. What is the highest common factor of o and 38?
38
Let s be (4 - (1 + 2)) + 2. Calculate the highest common divisor of 27 and s.
3
Suppose 5*n - 4*v = 58, 5*n + v - 56 = 4*v. Let x be (-604)/(-20) - (-1)/(-5). What is the greatest common factor of n and x?
10
Suppose -2*f - f = -27. Calculate the highest common divisor of 63 and f.
9
Let x = -16 - -16. Suppose 5*m = 25, -3*j + x*j + 2*m = -206. What is the greatest common divisor of 18 and j?
18
Let s(j) = j**3 + 10*j**2 + 10. Let z be s(-10). Let w = 14 + z. What is the greatest common divisor of w and 6?
6
Let p(b) = -2*b - 7. Let o be p(-6). Suppose -o*z + 257 = 2. Calculate the highest common divisor of z and 34.
17
Let k = 19 + -12. What is the highest common divisor of k and 49?
7
Let f = -21 - -32. What is the highest common divisor of 99 and f?
11
Let v = 18 - 7. Suppose 0 = 3*k + k - n - 19, -k - 5*n = v. Calculate the greatest common divisor of k and 4.
4
Let j be -3 + -1 - 8*-3. Suppose 0 = 2*g - 7*g - 40. Let p be (-15)/2*g/12. What is the greatest common factor of p and j?
5
Let u be (-272)/(-9) + 18/(-81). Let m be ((-2)/4)/(2/(-24)). What is the highest common factor of u and m?
6
Let q be (-33)/231 - 758/(-14). Calculate the highest common divisor of q and 378.
54
Let v(u) = 2*u**2 - 4*u + 2. Let w be v(6). Let c = 1 - -10. Let a be c - (3 - (4 + -2)). What is the highest common factor of a and w?
10
Let k be -1 - 8/6*-3. Let s(n) = n + 4. Let b be s(-2). Suppose 3*j - 7*j = -b*x + 30, -40 = -k*x + j. What is the greatest common factor of 65 and x?
13
Let n(b) = 7*b**2 - 3*b + 4. Let m be n(2). Suppose 8 = w - 5. What is the highest common divisor of w and m?
13
Suppose -i - i + 216 = 0. Let v(y) = -y**3 + 8*y**2 + 2*y. Let q be v(8). Let n be (-18)/(-4)*q/6. Calculate the highest common divisor of i and n.
12
Let h be 1*4*(-13)/(-2). Let p(k) = -5*k + 159. Let s be p(-15). Calculate the greatest common divisor of s and h.
26
Let u = 7 + -1. Suppose -2*z - 2*z - 5*r + 29 = 0, 5*z - r = 29. Calculate the highest common factor of z and u.
6
Let x = 2 + 4. Let h be -1 - 2 - (-2 + -3). Let s be (285/x)/(1/h). Calculate the greatest common factor of 19 and s.
19
Suppose 0 = 4*p - 3*p - 1. Let x be -38*(p/2 - 0). Let s = 54 + x. Calculate the highest common factor of 7 and s.
7
Let b(r) = -75*r + 4. Let y(f) = -37*f + 2. Let t(j) = -4*b(j) + 7*y(j). Let u be t(3). Suppose -u = -5*m - 21. What is the greatest common factor of 10 and m?
10
Let v(q) = q**3 - 7*q**2 - 7*q + 6. Let g be v(8). Suppose 0 = -5*k + 6 + g. Suppose m + k*m = 30. Calculate the greatest common factor of m and 42.
6
Suppose 95 = 2*o + 4*m - 29, 4*o - 3*m - 237 = 0. Suppose 4*p - 52 = 2*c - 0*c, 5*p - 63 = 3*c. Calculate the greatest common divisor of o and p.
15
Suppose 33 + 22 = 5*o. Suppose -6 - 2 = -2*i. Suppose -3*q - m + 101 = m, -136 = -i*q - 4*m. What is the greatest common factor of o and q?
11
Let f = 147 - 107. Let a(t) = 2*t + 4. Let j be a(6). Calculate the highest common factor of f and j.
8
Let o = -29 + 56. What is the greatest common factor of 27 and o?
27
Suppose 9 + 21 = 5*t. Suppose -2*i = 7 - 61. Suppose 12 - 4 = m - g, 3*g + i = 4*m. Calculate the greatest common divisor of t and m.
3
Let g = 86 - 73. Calculate the highest common divisor of g and 13.
13
Let o = -6 - -9. Suppose -o*u + 2*m = -72, -2*m = 3*u - 3*m - 72. Suppose 2*z = 7*z - 15. Calculate the greatest common divisor of u and z.
3
Let b be 4*2/(-4) - -4. Calculate the greatest common divisor of b and 3.
1
Suppose -2*a = -a - 153. Suppose -p + 8 = -3*y, -5*p + 2*p = -y - 48. Calculate the greatest common divisor of p and a.
17
Suppose 4*p - 7 = 129. Suppose 0 = 2*c + 5*g - 170, g + 3*g = 3*c - 255. Calculate the highest common divisor of p and c.
17
Let a(m) = m + 25. Let c be a(-13). Calculate the highest common factor of c and 24.
12
Suppose -2*p = 3*o - 170, -2*o = -3*p + o + 285. Calculate the highest common factor of 13 and p.
13
Let w(o) = 2*o**3 + o**2 - o. Let m be w(3). Calculate the greatest common divisor of m and 90.
30
Suppose 8 = 2*a + q, 7*a = 11*a - 5*q - 16. What is the highest common divisor of 4 and a?
4
Let i be (-10)/(-4)*(1 - -1). Suppose -141 = 5*f - 1536. Suppose 5*m + 44 = -i*n + f, n - 182 = -4*m. What is the highest common divisor of 9 and m?
9
Let c(z) = 10*z - 5. Let d be c(4). Suppose 4*r = -3*s + 145, -3*s + 5*r = -91 - 18. Suppose 4*l + 15 = s. What is the greatest common factor of d and l?
7
Suppose 2*q = -2*k + 34, 6*q - 3*q - 12 = 0. What is the highest common factor of k and 52?
13
Suppose 0 = -5*s - 4 + 24. Suppose -3*a - 3*x = 0, 2*x = s*a - 2*x - 24. Suppose 0 = a*k - 18. What is the greatest common factor of k and 66?
6
Suppose g - 1 = 0, 3*l - 5 + 4 = -g. Let o(x) = -x**3 + 0*x**3 + 6 + 12 - x. Let m be o(l). Calculate the greatest common factor of m and 27.
9
Let j = -10 + 6. Let n(v) = -v - 5. Let p be n(j). Let o be (4*p)/(12/(-66)). Calculate the highest common divisor of 2 and o.
2
Let x be 196/20 + (-1)/(-5). Suppose 4*t - u + 5*u = 12, x = -5*u. Let y be (-2)/5 - (-77)/t. Calculate the greatest common divisor of y and 90.
15
Suppose 782 = 5*u + 4*w, -u + w = -3*w - 142. Suppose -u = f - 0*f. Let d = -33 - f. What is the greatest common divisor of 11 and d?
11
Suppose -7*p - 5*p + 456 = 0. What is the greatest common divisor of p and 266?
38
Suppose 6*d = 49 - 1. Calculate the greatest common divisor of 80 and d.
8
Suppose 0*p + 6 = 2*p - n, 4*n = 4*p - 12. Suppose 2*y + 20 = 2*b, p*y - 95 = -5*b - y. Suppose 388 + 452 = 7*z. What is the greatest common divisor of b and z?
15
Let p = 14 - 15. Let h be (p - 1)*(-11)/2. Calculate the highest common divisor of 77 and h.
11
Suppose 2*u - 243 = 61. Suppose -3*b + 2*b - 22 = -w, 2*b + 25 = w. Calculate the greatest common factor of w and u.
19
Let u = -7 - -22. Calculate the highest common factor of u and 30.
15
Let h(r) = 13*r**2 + 5*r - 7. Let q be h(3). What is the greatest common divisor of q and 50?
25
Suppose 38 - 166 = -n. Calculate the highest common divisor of 16 and n.
16
Let k(d) = -d**3 - 12*d**2 - 15*d + 13. Let m be k(-11). Suppose -4*h + f + m = 1, -25 = -h + 3*f. Calculate the highest common factor of 39 and h.
13
Suppose -i + 13 = f - 0*f, 4*i + 52 = 4*f. Suppose 2*d - g - 77 = 0, 0 = d - 2*d - 3*g + 42. Calculate the highest common divisor of f and d.
13
Suppose 3*n = -4*k + 181, 4*k + 2*n = -2*n + 176. Suppose 2*q - k - 5 = 0. What is the greatest common divisor of 9 and q?
9
Let q(z) = -2*z - 4. Let m be q(-6). Let o be 3/(-4) - (-105)/28. Suppose o*g - 44 - 28 = 0. Calculate the greatest common divisor of m and g.
8
Suppose 0 = 17*b - 21*b + 308. Suppose 3*l + 5*x + 18 = 132, -5*l + 4*x + 153 = 0. Suppose -l = -2*z - z. What is the highest common divisor of z and b?
11
Let t = 0 - -3. Suppose -u = -t*u + 8. Calculate the highest common factor of u and 12.
4
Suppose o + 5 = -0. Let v(a) = 6*a**2 - a. Let h be v(1). Let i be 1 - h/(o/4). What is the greatest common factor of i and 40?
5
Let d = 94 + -73. Calculate the highest common divisor of d and 14.
7
Let j(d) = -6*d - 36. Let h be j(-7). What is the highest common divisor of 6 and h?
6
Let n(t) = t**3 + 5*t**2 + 11. Let o be n(-5). Calculate the highest common divisor of 44 and o.
11
Suppose n - 153 = -5*l, 22 = 2*l - 2*n - 32. Calculate the greatest common divisor of l and 120.
30
Let o be ((-27)/12)/((-2)/8) + -4. Calculate the highest common divisor of 3 and o.
1
Supp